6 = -b*d + 28. What is the greatest common factor of 3 and d?
3
Let j(h) = -28*h + 1. Let l be j(-3). Suppose -287 - l = -6*s. Calculate the highest common factor of s and 155.
31
Let n(v) = -1 + 11*v + 9*v - 25*v. Let h be n(-5). Suppose -4*p + h = 12. Calculate the greatest common factor of p and 3.
3
Let q(u) = 7*u - 4 + 0 - 18*u**3 + 16*u**3 + 6*u**2. Let l be q(-4). What is the greatest common divisor of l and 12?
12
Suppose -6*d = 950 - 1058. Calculate the greatest common factor of 258 and d.
6
Suppose 6*a + 5*y - 8 = 3*a, -3*y + 1 = -2*a. Let r be 44*a*25/20. What is the greatest common factor of r and 5?
5
Let f be 36/15 + 4 + (-44)/10. Suppose -2*t - 10 = -3*a - 2*a, 2*t = 0. Suppose 0 = -a*j - 7 + 43. What is the highest common factor of j and f?
2
Suppose 10 = 3*r + q - 3, -3*r + 2*q + 10 = 0. Suppose -1 = -2*w - a, 2*a - 1 = -3*w + 1. Let b = w + 2. What is the highest common divisor of b and r?
2
Let p(t) = -33*t + 33. Let v be p(-24). Calculate the highest common factor of v and 150.
75
Let l(d) = 2*d**3 + 26*d**2 - d + 12. Let p be l(-13). What is the greatest common factor of 1775 and p?
25
Let x(b) = -b**2 + 10*b - 2. Let h be x(8). Let w = 149 + 96. Suppose -10*p + 17*p = w. What is the greatest common divisor of h and p?
7
Suppose 6 = -6*i + 36. Suppose -i*t - 16 = -61. What is the greatest common divisor of t and 99?
9
Let d(q) = -2*q**2 - 31*q + 23. Let n be d(-14). Calculate the greatest common factor of n and 130.
65
Suppose 4*t = j + 48 + 47, 6 = -2*j. What is the highest common divisor of t and 5?
1
Let f = -177 - -240. What is the greatest common divisor of f and 504?
63
Let a = -3822 - -3824. Let w(k) = 19*k**3 - k**2 - k + 1. Let m be w(1). Calculate the greatest common factor of a and m.
2
Suppose -3*l + 157 = 34. Let k = 48 + -67. Let w = l + k. Calculate the greatest common factor of w and 33.
11
Suppose -31*x + 27*x - g + 1903 = 0, 954 = 2*x - 2*g. Calculate the greatest common factor of 28 and x.
28
Suppose 2*m = -2*m. Suppose -3*l = -4*g + 7, g + m*l - 13 = -3*l. Suppose g*c = 2*h - 7*h + 66, 5*c = 3*h + 64. What is the greatest common divisor of 28 and c?
14
Suppose 3*i + 180 = 8*i - 4*u, 175 = 4*i + 3*u. Suppose 10*s - 8*s = 32. What is the highest common divisor of i and s?
8
Let y = -7 - -10. Suppose 0 = 2*o - l - 6, -l = -o + l. Let k be 28 + (6 - (o + 0)). Calculate the highest common factor of y and k.
3
Let y = 23 - 19. Let j = y + 20. Suppose 12 = k + 3*k. What is the highest common divisor of j and k?
3
Let i be (-66)/77*(1 - -13). Let p be 1/(-2)*(-40 + i). What is the greatest common factor of p and 65?
13
Let t(n) = -6*n + 38. Let l be t(2). What is the greatest common factor of l and 169?
13
Suppose -2681 = -2*p - 5*n, 0 = -p + n + 2*n + 1357. Calculate the greatest common factor of 4 and p.
4
Let i(a) = -6*a + 31. Let v be i(3). Let d be 6/(-30) - (-5698)/(-10). Let n be d/(-11) - (-14)/77. Calculate the greatest common divisor of n and v.
13
Suppose -144 = -19*m - 11. Calculate the highest common factor of 161 and m.
7
Suppose -23*n + 3333 = -531. Let g be (252/(-16))/(3/(-8)). Calculate the highest common divisor of n and g.
42
Suppose -7*l - 252 = -16*l. Calculate the highest common divisor of 20 and l.
4
Let i(w) = 117*w - 1052. Let b be i(12). Let y(q) = 7*q + 2. Let h be y(6). Calculate the highest common divisor of h and b.
44
Let n(m) = -m**2 + 5*m + 20. Let q be n(0). What is the greatest common divisor of 35 and q?
5
Suppose -2*b = 5*y - 25, 3*b - 2*y - 11 = 36. Let o be 0 - (b/(-1))/3. What is the greatest common factor of 10 and o?
5
Let r be ((-56)/5)/((-3)/30). Let v = 85 + -183. Let w = v - -114. What is the greatest common divisor of w and r?
16
Suppose -3*q - 3*i = 30, -3*q = -0*i + 2*i + 26. Let m be 2/((-21)/q + -3). Let w = m - -4. What is the highest common divisor of 16 and w?
8
Let g(c) be the second derivative of c**3/6 - 9*c**2/2 + 9*c. Let b be g(17). What is the highest common divisor of b and 56?
8
Let t be (40/(-6) - -2)*(-216)/16. Let i = 2 + 7. What is the highest common factor of i and t?
9
Let o = 6 - 1. Suppose -38*j + 35*j + 39 = 3*v, 0 = 4*j - 8. Suppose v*t = 12*t - o. Calculate the highest common factor of t and 1.
1
Let q = -1136 + 1288. What is the greatest common factor of 104 and q?
8
Let i be (-10)/30 - (-44)/6. Let c(k) = k - 7. Let a be c(i). Let d = a - -29. What is the greatest common factor of d and 203?
29
Let t(x) = 13*x - 120. Let k be t(12). Calculate the highest common divisor of k and 72.
36
Let f(j) = j**2 + 9*j + 19. Let n be f(-11). Let s = n + -19. Let b = -18 + s. What is the greatest common factor of 12 and b?
4
Let d be (-1 + 0)/(12/132). Let t(o) = 6*o**2 - o - 1. Let p be t(2). Let f = d + p. What is the highest common factor of 80 and f?
10
Let l = 436 + -352. Calculate the greatest common divisor of 168 and l.
84
Let r be (-156 + 1)*(-2)/2. Suppose 0 = 4*s - r - 5. Let n(k) = -28*k - 2739. Let a be n(-98). Calculate the highest common divisor of a and s.
5
Let n(x) = -2*x**2 - 13*x - 6. Let g be 102/(-30) - 0 - 4/(-10). Let r be n(g). What is the highest common factor of r and 105?
15
Let c = -4 + 32. Suppose d + 0 - 2 = -5*k, 11 = 2*d + 3*k. What is the highest common divisor of d and c?
7
Let k be -32*(-3)/2*(-34)/(-102). Calculate the highest common factor of 1264 and k.
16
Let p = -174 + 104. Let l be (3 - 21/6)*p. What is the greatest common factor of l and 70?
35
Let m = -63 - -43. Let h be (-8)/1*m/8. Let v be (7 + -1)*4/6. What is the highest common divisor of h and v?
4
Suppose 238*p - 235*p - 132 = 0. What is the highest common divisor of p and 66?
22
Let q(v) = v**2 - 5*v - 2. Let s be q(6). What is the greatest common factor of 36 and s?
4
Suppose -3*y + 204 = -2*h + 74, 0 = 2*y + 3*h - 65. Let t = 13 - 9. What is the highest common divisor of y and t?
4
Let j(y) = -2*y**2 - 54*y - 55. Let q be j(-25). Calculate the greatest common factor of q and 1620.
45
Let q = 1682 + -1637. Calculate the highest common divisor of 25 and q.
5
Suppose -5*n - 90 = n. Let s(h) = h**2 + 13*h. Let j be s(n). Calculate the highest common factor of 12 and j.
6
Let q(j) = -21 - j**2 - j**2 - 7*j + 45 - 17. Let p be q(-3). Let t be 1/(-1) + (26 - 0). Calculate the highest common factor of t and p.
5
Let c be ((-4)/(-18))/(19/171) - -52. What is the greatest common divisor of 78 and c?
6
Let y(b) = b**3 + 10*b**2 + 6*b - 6. Let h be y(-9). Suppose -x + 4*r + 26 = -1, 3*x - r = 37. Let i = h - x. Calculate the highest common divisor of 10 and i.
10
Suppose -4*x = 23*d - 22*d - 1407, -4*x + 4*d = -1392. What is the highest common factor of x and 26?
13
Let o be 21/(((-4140)/(-112))/9 - 4). Suppose -2*r - 68 = -4*r - 5*m, 0 = -4*r + 5*m + o. What is the greatest common divisor of 176 and r?
44
Let r be (-5)/(-15) - 274/(-6). Let k(t) = -2*t + 13. Let x be k(-5). What is the highest common factor of x and r?
23
Let r(v) = -v**3 - 19*v**2 - 18*v - 4. Let h be r(-18). Let s be (8/(-4) - 6)*(h + 2). What is the highest common divisor of s and 40?
8
Suppose 328*q - 142 = 323*q + 3*w, -w + 126 = 5*q. Calculate the highest common factor of q and 2314.
26
Let u(f) = -5 - 1 + f + 3 + 5. Let c be u(16). What is the greatest common divisor of 45 and c?
9
Let f = -96 - 218. Let v = f + 447. Let y be (-28 - -9)*1/(-1). Calculate the highest common divisor of y and v.
19
Let j(f) = 44*f**3 + 2*f**2 - 2*f + 1. Let z be ((-2)/8)/((-3)/12). Let p be j(z). Suppose v = 1 + 4. What is the highest common divisor of p and v?
5
Let b be -2*(4/((-24)/30) - 67). Calculate the highest common factor of 171 and b.
9
Suppose 314 = -3*o + 1211. What is the highest common factor of o and 23?
23
Let d = -44 + 43. Let p be (104/65)/(d/(-20)). Calculate the highest common divisor of 24 and p.
8
Let a = 40 - -2. Let o = -4293 - -4321. Calculate the greatest common divisor of a and o.
14
Suppose -167*c - 1113 = -174*c. Calculate the highest common divisor of 53 and c.
53
Let q be (4/3)/(4/(-18)). Let u be 1/(-3) - 74/q. Let o(k) = 11*k + 2. Let f be o(2). Calculate the greatest common factor of f and u.
12
Let y be 8/6 - 104/24*-116. What is the highest common divisor of 144 and y?
72
Suppose 5*m - 3*m + 12 = 0. Let g be (-5 - -2) + (-24)/m. Calculate the highest common diviso